rmine f(-9).
6
Let l(w) = w**3 + 11*w**2 + 26*w + 16. Calculate l(-8).
0
Let p(n) = -2*n - 30. Determine p(-12).
-6
Let l(w) = -12*w. Calculate l(-2).
24
Let j(u) = 3*u + 49. Give j(-7).
28
Let p(d) = d**2 + 34*d + 135. What is p(-29)?
-10
Let q(d) = -d**3 - 8*d**2 + 11*d + 11. Calculate q(-9).
-7
Let h(b) = -b**2 - 6*b + 1. Determine h(-3).
10
Let s(q) = -4*q + 243. What is s(64)?
-13
Let r(w) = -w**2 + 17*w + 201. What is r(-8)?
1
Let w(u) = -3*u - 142. What is w(-48)?
2
Let x(o) = 16*o + 2. Give x(-1).
-14
Let k(f) = f**2 + 19*f + 2. Determine k(-20).
22
Let w(q) = q**2 - 5*q - 14. Calculate w(7).
0
Let l(q) = q**3 + 7*q**2 + 12*q + 18. Calculate l(-5).
8
Let z(d) = d**3 + 2*d**2 - 5*d + 2. What is z(-4)?
-10
Let l(q) = q**3 + 21*q**2 + 24*q + 68. What is l(-20)?
-12
Let t(n) = -n**2 - 13*n + 1. Give t(-12).
13
Let f(h) = h**2 - 7*h - 65. Determine f(9).
-47
Let r(p) = p**2 + 15*p + 9. Give r(-11).
-35
Let x(p) = 3*p**2 - 3*p. What is x(4)?
36
Let m(q) = -2*q + 56. Give m(24).
8
Let o(z) = 2*z**2 - 3*z - 6. What is o(0)?
-6
Let b(p) = -p**2 + 10*p + 167. What is b(19)?
-4
Let t(f) = -3*f**3 - 3*f**2 + 4*f + 1. Determine t(-3).
43
Let w(r) = 18*r**2 + 4*r + 3. Calculate w(-2).
67
Let w(g) = -g**3 + 5*g**2 + 3*g. What is w(4)?
28
Let w(x) = -2*x - 4. Calculate w(-11).
18
Let r(m) = -m**2 - 19*m - 48. Give r(-14).
22
Let j(d) = d**2 - 9*d - 11. Calculate j(11).
11
Let p(q) = -37*q + 331. Calculate p(9).
-2
Let o(k) = k**3 + 11*k**2 - 15*k - 34. Give o(-12).
2
Let j(p) = p**2 - 2*p - 11. Give j(5).
4
Let z(p) = p**2 - 4*p + 1. Give z(2).
-3
Let m(w) = -w**3 + 8*w**2 + 7*w + 11. What is m(9)?
-7
Let k(g) = -g**3 - 14*g**2 + 13*g - 24. Give k(-15).
6
Let k(m) = m**3 - 8*m**2 + 13*m - 12. What is k(6)?
-6
Let c(i) = i**3 - i**2 + 2*i + 1. Give c(2).
9
Let v(o) = o**3 - 8*o**2 + 5*o - 2. What is v(7)?
-16
Let u(z) = 2*z**2 - z - 19. Give u(5).
26
Let i(j) = 10*j + 2. Determine i(4).
42
Let z(p) = -7*p + 42. Calculate z(0).
42
Let o(y) = 2*y - 3. What is o(9)?
15
Let j(v) = 6*v - 24. What is j(-5)?
-54
Let k(t) = -t**3 - 6*t**2 + 19*t - 18. What is k(-9)?
54
Let a(w) = -w**2 - 9*w + 5. Calculate a(-9).
5
Let i(c) = 3*c**2 + 13*c + 6. What is i(-3)?
-6
Let x(w) = w**3 - 23*w**2 - 22*w - 53. Give x(24).
-5
Let i(c) = -12*c**2 - 4*c - 5. Calculate i(-2).
-45
Let u(x) = -x**2 + 9*x - 13. Determine u(6).
5
Let i(a) = -a**3 - 2*a**2 - 6*a - 2. Calculate i(-4).
54
Let g(i) = -4*i**2 - 9*i - 14. Give g(-3).
-23
Let f(b) = -11*b - 33. Give f(-3).
0
Let d(v) = v**3 - 2*v**2 - 3*v - 3. Determine d(-1).
-3
Let m(c) = c**3 + c**2 + 23. Calculate m(-3).
5
Let v(f) = -f**2 + 3*f + 4. What is v(3)?
4
Let k(c) = -c**3 + 3*c**2 + 3*c + 1. Give k(5).
-34
Let s(u) = u**3 + 2*u**2 - 4*u - 2. Give s(-4).
-18
Let q(x) = -8*x**2 - 10*x - 5. What is q(-2)?
-17
Let q(b) = -b**3 - 18*b**2 - 18*b - 16. Give q(-17).
1
Let j(m) = 6*m + 119. Determine j(-9).
65
Let q(v) = v + 20. Give q(-28).
-8
Let u(r) = -4*r. Give u(10).
-40
Let g(a) = -a**3 + 22*a**2 - 40*a - 27. Give g(20).
-27
Let t(m) = 3*m**2 - 14*m - 5. Give t(5).
0
Let h(v) = -v**2 - 25*v - 16. Give h(-18).
110
Let y(h) = h**2 - 6*h - 276. Calculate y(19).
-29
Let v(p) = 20*p - 100. Determine v(5).
0
Let u(y) = 2*y**3 - 4*y**2 - y + 3. What is u(3)?
18
Let v(z) = z**3 - 7*z**2 - 11*z + 10. Determine v(8).
-14
Let j(z) = 15*z - 64. Determine j(5).
11
Let x(a) = a**2 - 32*a + 95. Calculate x(28).
-17
Let u(v) = 2*v - 46. What is u(5)?
-36
Let o(g) = 33*g + 2. What is o(1)?
35
Let d(x) = -4*x - 8. Calculate d(5).
-28
Let v(q) = q + 9. What is v(4)?
13
Let p(a) = -15*a + 22. Determine p(7).
-83
Let v(m) = 3*m**2 + 13*m + 13. Determine v(-4).
9
Let i(y) = 2*y - 5. Calculate i(7).
9
Let m(p) = -p**3 + 4*p**2 - 5*p - 2. Give m(5).
-52
Let j(t) = t**3 + 12*t**2 + 23*t + 40. Determine j(-10).
10
Let h(n) = 16*n**2 - 18*n + 1. Determine h(1).
-1
Let z(i) = 6*i - 27. Calculate z(5).
3
Let p(u) = -u**3 + 9*u**2 + 5*u + 3. What is p(10)?
-47
Let l(m) = -m**2 + 38*m - 63. Give l(35).
42
Let h(c) = -2*c**2 + 16*c + 7. What is h(0)?
7
Let h(t) = t + 6. Determine h(-7).
-1
Let t(x) = -x**2 - 7*x - 5. Give t(-5).
5
Let m(h) = h**3 + 10*h**2 - 9*h + 3. Determine m(-10).
93
Let v(j) = -9*j + 2. What is v(-2)?
20
Let q(a) = a**3 - 23*a**2 - 24*a - 5. What is q(24)?
-5
Let t(g) = -g**3 + 38*g**2 - 37*g + 1. Give t(37).
1
Let r(u) = -u**3 + 7*u**2 + 3*u - 4. Determine r(8).
-44
Let b(c) = -c**3 + 13*c**2 + 16*c + 2. Calculate b(14).
30
Let h(z) = -z**3 - 9*z**2 - 1. Give h(-9).
-1
Let i(v) = 6*v**2 - 117*v - 45. Determine i(20).
15
Let x(g) = 2*g - 2. What is x(0)?
-2
Let l(j) = -7*j - 146. Calculate l(-24).
22
Let f(i) = -2*i**2 - 60*i. Calculate f(-30).
0
Let o(m) = 2*m**2 + 6*m + 5. What is o(-4)?
13
Let j(l) = -l**2 - 20*l + 26. Determine j(-21).
5
Let f(a) = -a**3 - a**2 + 7*a - 3. Give f(2).
-1
Let n(t) = -5*t - 42. Determine n(-8).
-2
Let h(j) = -j**2 - 8*j - 12. Determine h(-11).
-45
Let k(x) = x**2 - 44*x + 140. Determine k(41).
17
Let d(i) = -11*i**3 + i**2 - 3*i - 3. Calculate d(-1).
12
Let w(z) = -5*z**2 + 26*z + 9. Calculate w(6).
-15
Let d(v) = -8*v**3 - 607*v**2 + 76*v. What is d(-76)?
0
Let g(x) = x**3 + 6*x**2 - 14*x - 43. Give g(-7).
6
Let a(g) = 44*g**3 + g. Determine a(-1).
-45
Let l(z) = z + 74. Determine l(9).
83
Let w(h) = -10*h - 235. What is w(-24)?
5
Let r(k) = -k**3 - 3*k**2 + 11*k - 1. What is r(-5)?
-6
Let b(u) = u**3 + 12*u**2 + 10*u - 15. Give b(-11).
-4
Let k(g) = -g**3 - 13*g**2 - 10*g - 9. Calculate k(-12).
-33
Let g(k) = -10*k**2 + 1. Give g(-1).
-9
Let p(s) = s**3 - 4*s**2 - s + 1. Determine p(4).
-3
Let a(z) = 2*z**2 - 2*z - 1. Calculate a(-1).
3
Let h(y) = -y**2 - 9*y - 15. Give h(-4).
5
Let v(u) = -50*u - 44. Calculate v(-1).
6
Let v(j) = j - 21. What is v(10)?
-11
Let g(z) = z**3 - 17*z**2 + 4*z - 69. What is g(17)?
-1
Let h(n) = -n**3 + 12*n**2 - 28*n + 19. What is h(9)?
10
Let i(p) = 7*p - 194. Calculate i(27).
-5
Let v(g) = -24*g + 28. Calculate v(2).
-20
Let g(b) = -b**2 + 10*b - 14. Give g(7).
7
Let m(v) = -3*v**2 - 3. Give m(2).
-15
Let i(f) = -9*f**3 - f**2 + 2. Calculate i(-1).
10
Let b(x) = -x**2 + 5*x - 3. What is b(2)?
3
Let i(s) = -s**3 - 22*s**2 + 4*s - 18. Calculate i(-22).
-106
Let t(n) = 15*n - 117. What is t(7)?
-12
Let k(a) = -11*a - 18. Give k(-3).
15
Let p(w) = w**2 + 2*w + 3. What is p(4)?
27
Let b(d) = -2*d**2 - 10*d - 9. What is b(-6)?
-21
Let j(r) = -r**3 - 8*r**2 - 9*r - 2. Calculate j(-6).
-20
Let o(p) = 118*p + 710. What is o(-6)?
2
Let x(h) = -h**3 - 36*h**2 + 75*h - 57. Give x(-38).
-19
Let n(z) = 74*z - 16. Give n(-1).
-90
Let k(x) = x**3 + 22*x**2 - 6*x - 117. What is k(-22)?
15
Let q(d) = 7*d + 29. What is q(-11)?
-48
Let q(c) = -c**2 - 9*c + 12. Give q(-11).
-10
Let x(q) = -3*q**2 + 10*q - 13. Give x(4).
-21
Let h(r) = -4*r - 7. Determine h(-4).
9
Let c(j) = -j**3 - 18*j**2 + 21*j + 22. Determine c(-19).
-16
Let p(a) = -2*a - 1. What is p(-7)?
13
Let x(f) = 4*f - 145. Determine x(30).
-25
Let g(f) = f**3 + 5*f**2 - 3*f + 8. What is g(-6)?
-10
Let u(g) = 5*g + 7. Give u(0).
7
Let n(y) = -y**2 - 3*y + 3. Give n(-4).
-1
Let t(h) = -36*h**2 + 2*h + 1. Calculate t(-1).
-37
Let d(q) = q**2 + 43*q + 334. Give d(-32).
-18
Let x(j) = -3*j - 4. Calculate x(-2).
2
Let g(t) = 16*t - 50. Determine g(13).
158
Let k(x) = x**2 + x + 1. Calculate k(10).
111
Let d(i) = i**2 + 10*i - 7. Calculate d(-6).
-31
Let t(i) = -10*i + 10. What is t(4)?
-30
Let b(x) = -x + 15. Calculate b(11).
4
Let h(z) = -z**2 - 28*z - 48. Give h(-26).
4
Let x(a) = a**2 + 25*a - 17. What is x(-26)?
9
Let g(o) = -14*o**2 + 2. Determine g(1).
-12
Let s(f) = -12*f**3 + f**2 - 2. Give s(1).
-13
Let i(g) = 5*g + 112. Calculate i(-22).
2
Let c(a) = a + 34. Calculate c(-13).
21
Let b(y) = y**2 - 15*y + 10. Calculate b(13).
-16
Let d(x) = 9*x - 27. Calculate d(13).
90
Let h(f) = f**2 - 4*f - 27. Calculate h(7).
-6
Let o(z) = -12*z**3 + 36*z**2 - 5*z - 3. What is o(3)?
-18
Let i(x) = x - 33. Give i(22).
-11
Let z(k) = 15*k**2 - 2*k + 2. Calculate z(2).
58
Let v(f) = -f**2 - 11*f + 4. Determine v(-12).
-8
Let d(t) = -t**3 + 8*t**2 + 10*t - 10. Calculate d(9).
-1
Let q(l) = -l + 5. What is q(9)?
-4
Let l(c) = c**3 - 8*c**2 + 6*c + 5. Determine l(5).
-40
Let a(u) = -u**3 - 4*u**2 + 14*u + 15. Determine a(-5).
-30
Let w(r